022122 - 1010?
-10001102100202
In base 8, what is 11541 + 1437?
13200
In base 4, what is -3332 - 102001121?
-102011113
In base 8, what is -223612 + -63?
-223675
In base 14, what is -769aa9 + -6?
-769ab1
In base 4, what is 31 - -1103232100?
1103232131
In base 7, what is 2 - -114466615?
114466620
In base 2, what is 1001101001 + -111010110100?
-110001001011
In base 12, what is -95a05 - -12?
-959b3
In base 15, what is -10 - -15401?
153e1
In base 6, what is 0 - 232102422?
-232102422
In base 5, what is 421 + -44312041?
-44311120
In base 6, what is 0 - 105120300?
-105120300
In base 9, what is -652 - -207436?
206674
In base 8, what is 54 + -25034452?
-25034376
In base 10, what is 917507 + -202?
917305
In base 5, what is 1434 - -1013030?
1020014
In base 3, what is 101 + 1000122002102?
1000122002210
In base 15, what is 3 + -1a861d?
-1a861a
In base 13, what is 3 + -2c22c620?
-2c22c61a
In base 13, what is 467 - 388a?
-3423
In base 10, what is -603109 + -33?
-603142
In base 4, what is -132 + -210220220?
-210221012
In base 9, what is 106 - 1325051?
-1324844
In base 15, what is -c5ed - -39d?
-c250
In base 8, what is 1 + -522031444?
-522031443
In base 13, what is 0 + -7cb993?
-7cb993
In base 7, what is -4 - -13625056213?
13625056206
In base 6, what is 10 - -145410004?
145410014
In base 3, what is 122012120200120 - 21?
122012120200022
In base 8, what is 125766 - -2270?
130256
In base 2, what is 110100100000 + -100100001111001?
-11101101011001
In base 7, what is 5544 - -15225?
24102
In base 9, what is -65741210 + 0?
-65741210
In base 6, what is 520 + 331153?
332113
In base 11, what is 92a17036 - -3?
92a17039
In base 7, what is 632104 + 45?
632152
In base 8, what is 126464 + 20?
126504
In base 8, what is 4071653 + 57?
4071732
In base 5, what is 1321030 - 314042?
1001433
In base 2, what is -10000110111010 + -100010110001?
-10101001101011
In base 13, what is -72 - 823b1?
-82453
In base 15, what is -1 + -e092?
-e093
In base 4, what is 220 - 103320102002?
-103320101122
In base 15, what is 28b5b + a?
28b66
In base 4, what is -12030202 + 100131?
-11330011
In base 4, what is -1033230 - -321132?
-112032
In base 3, what is 22221 - -1101021121?
1101121112
In base 10, what is -36903 + 29922?
-6981
In base 4, what is 131111223 + 100301?
131212130
In base 14, what is 10d7b - -142?
110bd
In base 3, what is -2022 + 1121220011?
1121210212
In base 11, what is -16335 - -169a9?
674
In base 15, what is -d6955 - -10?
-d6945
In base 2, what is -11011000100010101000 - 110?
-11011000100010101110
In base 11, what is -5 + -106a03699?
-106a036a3
In base 5, what is 21114 - 213223?
-142104
In base 7, what is 2564 + 21152?
24046
In base 11, what is 456 + 354616?
354a71
In base 4, what is 121232131 - 2?
121232123
In base 9, what is 3 - -460803270?
460803273
In base 14, what is 198154 - -12?
198166
In base 14, what is 9d - -d006?
d0a5
In base 13, what is 1a7b + 1188a?
13638
In base 3, what is -2002202 + -1102111?
-10112020
In base 7, what is 60505 + -4266?
53206
In base 13, what is -130cc8 + -108?
-131103
In base 9, what is 2544 - -140?
2684
In base 3, what is 1021012021120212100 - 0?
1021012021120212100
In base 16, what is 3 - -3d102a?
3d102d
In base 7, what is -1006046 + -5260?
-1014336
In base 16, what is -eb64d + 8?
-eb645
In base 7, what is -430 + -313052?
-313512
In base 12, what is 329 + 35301?
3562a
In base 3, what is -201110001002001 + 2?
-201110001001222
In base 10, what is -2501555 - -5?
-2501550
In base 4, what is 32301220021102 + 0?
32301220021102
In base 12, what is -a3826 + 214?
-a3612
In base 13, what is a - -452b9?
452c6
In base 2, what is -1001001001111011001110110 + -10?
-1001001001111011001111000
In base 14, what is -82266d - 5?
-822674
In base 10, what is -1 + -29601890?
-29601891
In base 13, what is -1 - -2a044c?
2a044b
In base 7, what is 10165601 - -135?
10166036
In base 4, what is 23 - 32201110301?
-32201110212
In base 12, what is -340a + 151b?
-1aab
In base 11, what is 104922 + aa2?
105914
In base 11, what is 3 - -1013571?
1013574
In base 8, what is 3755776 - -26?
3756024
In base 10, what is 26655 - -634?
27289
In base 6, what is 14312315 + -35?
14312240
In base 8, what is 622543 - 107?
622434
In base 9, what is 34608 - 2102?
32506
In base 11, what is -168aa - 377?
-17176
In base 12, what is 26590 + -724?
25a68
In base 13, what is 49132 + 198?
492ca
In base 3, what is 2121111021 - 10022102?
2111011212
In base 16, what is -ac6e4 - -3?
-ac6e1
In base 5, what is -44 - 23421310?
-23421404
In base 9, what is 7 + 243376230?
243376237
In base 7, what is 3423 + 1264331?
1301054
In base 11, what is 4a5209 - -7?
4a5215
In base 5, what is 11124413042 + 3?
11124413100
In base 5, what is -242421242320 + -10?
-242421242330
In base 2, what is 100011011111011101110100 - 100?
100011011111011101110000
In base 5, what is -1302234204 - 11?
-1302234220
In base 13, what is -509c + 1685c?
11790
In base 12, what is -52814a5 + 6?
-528149b
In base 3, what is 1011211211120211021 - -10?
1011211211120211101
In base 12, what is 6088918aa - -4?
6088918b2
In base 5, what is -1311220304 - 31?
-1311220340
In base 2, what is -10110110100001111 - -1101?
-10110110100000010
In base 8, what is 2024 + 11713?
13737
In base 6, what is 25444 - 353122?
-323234
In base 13, what is 11 - 14c17b0?
-14c179c
In base 9, what is -18385 + 4024?
-14361
In base 8, what is -1231331 + -406?
-1231737
In base 7, what is 4 - 131155532?
-131155525
In base 12, what is -9b7bb - 190?
-9b98b
In base 9, what is -128322 + -207?
-128530
In base 11, what is 100a65 + 13a?
1010a4
In base 7, what is -102543601 + -3?
-102543604
In base 14, what is -359a + -13a08?
-171a4
In base 9, what is -204557 + 256?
-204301
In base 12, what is 0 - 144233a5?
-144233a5
In base 8, what is 10043 + -5252?
2571
In base 3, what is 102 - 1220200120200200?
-1220200120200021
In base 3, what is 112120202211 - -1212?
112120211200
In base 8, what is 1504365 + -531?
1503634
In base 13, what is -6884 - 155?
-6a09
In base 15, what is 141cbb - -1d9?
141ea5
In base 8, what is -5042271 - 2077?
-5044370
In base 5, what is 234213331404 + 0?
234213331404
In base 15, what is 4 + 16ddb12?
16ddb16
In base 7, what is -3653 - 1243?
-5226
In base 15, what is -6a6 + -632e?
-69d5
In base 8, what is 16145 + -12624?
3321
In base 3, what is -2111020210 - 1010021?
-2112101001
In base 2, what is 101000100001010111101 + 0?
101000100001010111101
In base 7, what is -66300323 + 101?
-66300222
In base 14, what is 1c - 4a74d5?
-4a74b7
In base 10, what is 200 + 330480?
330680
In base 11, what is 2 - a339269?
-a339267
In base 6, what is -2110004 - -1?
-2110003
In base 13, what is 7047c - 26?
70456
In base 7, what is 341 + -66565?
-66224
In base 11, what is 1 - 5a331a3?
-5a331a2
In base 13, what is 3 - 417c46?
-417c43
In base 4, what is -10311220 - -12112?
-10233102
In base 14, what is -dc + -16957b?
-169679
In base 7, what is -132343 - 4423?
-140066
In base 12, what is -3334416 - -2?
-3334414
In base 12, what is 4a829b - 1?
4a829a
In base 10, what is 7130958 - -5?
7130963
In base 12, what is -741265 - 78?
-741321
In base 15, what is -1ba85b0 + -33?
-1ba85e3
In base 16, what is -1defc + -4b0?
-1e3ac
In base 15, what is -513a60 + 4?
-513a5b
In base 3, what is 222110010 - -120102?
1000000112
In base 4, what is 0 - -1323112233201?
1323112233201
In base 7, what is 56122 - -233?
56355
In base 13, what is -16199 + 580?
-15919
In base 12, what is 1 + 29b3b38?
29b3b39
In base 4, what is 210012313 - 1023?
210011230
In base 13, what is 1654 - b1b?
836
In base 10, what is 3540 - -8002?
11542
In base 2, what is 1 + 11001101001110111101?
11001101001110111110
In base 4, what is 11000301 - -1022021?
12022322
In base 13, what is a55a + a6a?
b2c7
In base 15, what is 4364569 + 0?
4364569
In base 13, what is 10c1021b - -1?
10c1021c
In base 5, what is -440242400312 + -1?
-440242400313
In base 6, what is -1 + -2400124222?
-2400124223
In base 9, what is -3 - -28468218?
28468215
In base 9, what is -52464 + 3406?
-48057
In base 4, what is -3331 + -11103112?
-11113103
In base 11, what is 2a92760 + -9?
2a92752
In base 7, what is -60314231 + 3?
-60314225
In base 8, what is -56 - 2516527?
-2516605
In base 12, what is -2566197 - 9?
-25661a4
In base 3, what is -11010001120 - 22121020?
-11102122210
In base 5, what is 3313